rmine l(u).
9
Let k(i) = 2*i - i**3 + 2*i**2 + 5*i + i + 9 - 7*i**2. Let j be k(-6). Let p(f) = 7*f + 8. Let a(n) = 4*n + 4. Let y(z) = 5*a(z) - 3*p(z). Determine y(j).
-1
Let n(u) = -7 - 7 - 11 - 9 - 5*u + 31. Calculate n(4).
-23
Let q(a) = 9*a + 7. Let v be q(2). Suppose 5*u - 6*f + 11*f = v, -12 = -4*u + 4*f. Let k(b) = -b**2 + 7*b - 6. Give k(u).
6
Let g(f) be the second derivative of -2*f**3/3 + 2*f**2 - f - 9. Let p = 11 + -7. Calculate g(p).
-12
Let p(k) = -k**2 - 4*k + 8. Suppose 4*t - 2*t - 56 = 0. Let n be (-12)/30 + t/(-5). What is p(n)?
-4
Suppose -13*w = 10*w - 69. Let i(n) be the third derivative of 1/120*n**6 + 1/8*n**4 + 0 + 0*n - 1/15*n**5 + 3*n**2 - 1/6*n**w. Calculate i(3).
-1
Let l(u) = 14*u + 3*u**2 - 2*u**2 - 16*u. Give l(4).
8
Suppose -3*u = -6*u - 3. Let p = 102 + -94. Let t(z) = 10*z - 1 - 23*z + p*z. Determine t(u).
4
Let g(u) = -3*u + 6*u - 2 + 3. Let y(d) = 8*d + 28. Let b be y(-8). Let f = -33 - b. Calculate g(f).
10
Suppose 2*x + 0 = 8. Let o(f) be the first derivative of f**2 - 3*f - 4*f**2 + x*f**2 + 6. Determine o(4).
5
Let z(b) = b**2 + 4*b - 2. Suppose 0 = 4*k - 2*k - 2. Let r(n) = -n - 1. Let t(s) = k*z(s) + 3*r(s). Give t(-4).
7
Let c = -80 - -80. Let u(k) = k**3 - 3*k - 9. Let r = -7 - -9. Let j(z) = 3*z**3 - 7*z - 18. Let x(o) = r*j(o) - 5*u(o). Calculate x(c).
9
Let x(h) = 10 - 3 - 2 - 2*h + 0*h. Let t(j) = -9*j + 49. Let m be t(5). What is x(m)?
-3
Let i(d) = -d**2 + 3*d - 1. Let b(a) = 3*a - 49. Let m be b(17). Let j be 20/8 - 2/((-8)/m). Determine i(j).
-1
Let t(m) = 4*m + 3 - 4 - 3*m. Let q(n) = -n**2 + 5*n - 2. Let i(v) = q(v) - 2*t(v). Suppose 4*b - 3 - 9 = 0, 0 = 3*d + 4*b - 24. What is i(d)?
-4
Let u(o) = -o**2 - 1. Let f(h) = -2*h**2 - h - 7. Suppose 0 = -4*p - 14 + 2. Let x(b) = p*u(b) + f(b). Let j = -2 - 1. Determine x(j).
8
Suppose -3*n = 2*g - 9 - 11, 4*g = 5*n - 4. Let q(p) = -p**3 + 3*p**2 + 3*p - 4. Give q(g).
-8
Let p(a) be the first derivative of a**3/2 + 2*a**2 - 49*a + 3. Let w(f) be the first derivative of p(f). Give w(-4).
-8
Let i(d) = -9*d + 3. Let n(a) = -63*a + 21. Let x(j) = -15*i(j) + 2*n(j). Let l = -59 + 61. Determine x(l).
15
Let o = 4 - 1. Let t = -6 - -8. Let n(c) = -t + c - c + 4*c - 1. Calculate n(o).
9
Let n(r) = -5*r**2 + 5*r - 2. Let a(b) = -6*b**2 + 4*b - 5. Let f(y) = -4*a(y) + 5*n(y). Determine f(7).
24
Let r(c) = -7*c**2 - 7*c - 3. Let l(i) = -i. Let t(s) = -6*l(s) + r(s). What is t(3)?
-69
Let d(r) be the third derivative of -r**5/60 - r**4/4 - r**3/3 - 113*r**2. Determine d(-6).
-2
Let y(f) = f**2 + f. Suppose 439 = 13*x - 302. Suppose x*g = 52*g - 20. Calculate y(g).
12
Let y = 4 - 1. Suppose 0 = 2*h - y*u + 13, h = -3*u + 6*u - 11. Let j(f) be the third derivative of f**4/12 - f**3/6 + 22*f**2. Give j(h).
-5
Suppose -5 - 21 = -5*o - 4*y, 5*o - y = 31. Let x(v) be the second derivative of -v**4/12 + 2*v**3/3 + 7*v**2/2 - 1042*v. Determine x(o).
-5
Let g(s) be the first derivative of -8*s**2 + 4*s - 362. Calculate g(3).
-44
Let m be 4/((-20)/35) - -1. Let b(k) = k + 12. Let r be b(m). Let v(o) = -o**2 + 3*o + 2. Calculate v(r).
-16
Let l = 860 + -857. Let j(p) = 2*p**2 - 13*p + 26. What is j(l)?
5
Let a be 2/(-8) - 15/4. Suppose -2*n = 21 - 27. Let q(g) = 4 - 5 + 0 + n*g + 5. Calculate q(a).
-8
Suppose 0 = 4*x + 19 - 7, 5*r - 2*x - 6 = 0. Let l(t) be the third derivative of r*t + 0 - 1/4*t**4 - 1/60*t**5 + 1/6*t**3 + 3*t**2. What is l(-5)?
6
Let s(d) = d**2 + 17*d + 73. Let n be s(-10). Let l(f) be the second derivative of -1/6*f**n - f + 0 - 3/2*f**2. What is l(0)?
-3
Let w(i) = -i - 1. Let n(u) be the third derivative of u**4/4 + u**3/2 + 4*u**2. Let b(d) = n(d) + w(d). Give b(2).
12
Let j(r) = -r. Let y(b) = -b + 1. Let f(s) = -8*j(s) - 3*y(s). What is f(3)?
30
Let c be (-2530)/(-10) - 3*-1. Let k(j) = 2*j**2 + c + 3*j**2 - 257. Give k(-1).
4
Let v = 59 + -22. Suppose -i - 4*y = -1 + 20, -v = 4*i + 3*y. Let n(s) = -s - 1. Calculate n(i).
6
Let n(y) = 3*y**3 - y**2 - 4*y**3 + 6*y**2 + 7*y. Let v(h) = h**2 - 27*h - 318. Let s be v(-9). Calculate n(s).
6
Let f(t) = 4*t + 2. Let l(h) = -16*h**2 + 3*h + 5. Let g be l(-2). Let u = g - -62. Give f(u).
-10
Suppose 17*s - 4 = 64. Suppose y - s*g = -1, -y + 5*y = -4*g + 36. Let c(r) = -2*r + 8. Give c(y).
-6
Let d(t) be the first derivative of t**3 + t + 6 + 1/4*t**4 - t**2. What is d(-3)?
7
Let b = 236 + -214. Let o(d) = -d**3 + 22*d**2 - d + 29. Give o(b).
7
Suppose -m + 9 = 2*d, -5*d + 3*d = 4*m - 24. Let i(c) be the second derivative of -2*c**3/3 + 3*c**2/2 - 30*c. Give i(m).
-17
Let c(a) = 4*a**2 + 4*a. Let q(x) = 3*x**2 + 3*x. Let t(o) = 4*c(o) - 5*q(o). Let l = -6 - -11. Suppose 3*v = -2*j + 17, 10 = -l*j - v + 4*v. Give t(j).
2
Let v(z) = z**3 - 5*z**2 + 2*z + 2. Let h(i) = 4*i**2 - i - 1. Let o be h(-1). Let c(t) = -t - 13 + 4*t - o*t - 2. Let p be c(-17). Give v(p).
-6
Let b(v) = -7*v - 41. Let n be b(-7). Let q(c) = -n*c + 7*c**2 + c**3 + 6 + 3 + 1. Determine q(-8).
10
Let w(q) = -2*q - 26. Let f be w(-14). Let u(y) = 5*y + 1. Determine u(f).
11
Let p(n) = -2*n**2 + 27*n - 3. Let y(t) = t**2 - 14*t + 1. Let f(z) = -z**2 - 3*z - 1. Let b be f(2). Let l(g) = b*y(g) - 6*p(g). Determine l(5).
-8
Let u(a) = 3*a**2 + 3*a + 3 + 4*a**3 - 3*a**3 - 3 + 3. Let m be (7/4 + (-2)/8)*-2. Give u(m).
-6
Let d(p) = p - 2. Let s be d(-3). Let k = s + 6. Let t(f) be the first derivative of f**4 + 2*f**3/3 - f**2 + f - 60. Give t(k).
5
Let a(h) = 3*h**2 + 2*h + 4. Let q(y) = y**2 - y - 1. Let s(x) = 8*x + 4. Let p be s(-1). Let m(j) = p*q(j) + a(j). Calculate m(7).
1
Let a(m) = -10*m + 59. Let y(f) = -4*f + 32. Let v(q) = -6*a(q) + 11*y(q). Give v(-4).
-66
Suppose -4*t + 3 = -33. Suppose 0 = 4*z - z - t. Let o(x) = -x**z + 0*x**3 + 0*x**3 + 6*x**2 - 4*x - 3. Calculate o(5).
2
Let t(u) be the second derivative of u**4/12 - 7*u**3/6 - 7*u**2/2 - 453*u. Calculate t(10).
23
Let c(g) = -g. Suppose 5*r + 10 = 0, -7*o = -2*o - 5*r + 10. Give c(o).
4
Let t(a) be the first derivative of a**3/3 + 3*a**2/2 - 4*a + 193. Let q(w) = -w**3 + 6*w**2 - 5*w - 7. Let p be q(5). Determine t(p).
24
Let m(u) = -u**2 - 8*u - 4. Let q be m(-6). Let r(i) = -q*i - 3*i**2 + 0*i**2 + 2*i**2. Calculate r(-6).
12
Let c(t) = t**3 - 5*t - 2*t + 7*t + 5*t + 5*t**2 - 1 + 6. What is c(-4)?
1
Let j(q) = -2*q**2 - q + 17. Let z(t) = t**2 - 8. Let g(o) = -4*j(o) - 9*z(o). Suppose w + 20 = 3*n, 3*n + 0*n = -w + 10. Give g(n).
-1
Let q(l) = l**3 + 6*l**2 + l + 5. Let h be q(-6). Let y(a) = 10*a**3 - 2*a - 1. What is y(h)?
-9
Let m(x) = 5*x**3 - 8*x - 16 - x**3 - x**3 + 26 - 2*x**3 + 8*x**2. Give m(-9).
1
Let z(f) = -2*f - 3. Let h(p) = -p**2 - 4*p + 1. Let u = 14 + -17. Let d be h(u). What is z(d)?
-11
Let t = 22 + -17. Suppose 3*d - 5*s = -t, 1 = 5*d - 5*s + 16. Let i be -1*(d + 6/2). Let h(a) = -3*a - 2. Give h(i).
-8
Let t(z) = 0*z**3 - 2*z + z**3 + 8*z**3 + 1 - 15*z**3. What is t(1)?
-7
Let f(x) = x**3 - 2*x + 2. Let u(n) = 5*n**3 + 13*n**2 - 12*n + 3. Let m(y) = -6*f(y) + u(y). Determine m(13).
-9
Suppose -4*h - 4*z - 9 - 3 = 0, -2*h - 3*z - 9 = 0. Let g(n) = 2*n**2 - 1. Give g(h).
-1
Let y be 4/2 + 0/(-5). Let a(o) = o**2 - o + 2. Give a(y).
4
Let w(y) = y. Let r be (-1)/5 - (-66)/30. Suppose -r*m - m + 6 = 0. What is w(m)?
2
Let w be (-4)/22 + (-16)/(-88). Let x(k) = w*k**2 - 3*k**2 + 4*k**2 + 53*k**3 - 54*k**3. Determine x(0).
0
Let h(b) = -b**2 - b - 14. Suppose -2 = w - 7, 0 = c + 3*w - 20. Suppose 0 = 4*j + 5*r - 5, -j + 4*j = -c*r + 5. Give h(j).
-14
Let w(m) = 1 - m**2 + 4*m + m + 2 - 4 + 10. What is w(-4)?
-27
Let a(g) = g**3 + 5*g**2 + 4*g - 1. Let v be (3/(-2))/(18/(-48)). Let c = -4 + v. Let m = c - 3. Calculate a(m).
5
Suppose -5*g - 2*z = 127, 0 = 4*g + 2*z - 55 + 155. Let d = -25 - g. Let u(q) = 6 - 3 + 2*q**2 + d - 5*q. What is u(4)?
17
Let o be 4*3/6 - (-20 - -14). Let g(p) = p**2 - 8*p + 5. Give g(o).
5
Suppose 52*z = 35*z - 170. Let d(r) = -r**3 - 9*r**2 + 9*r - 8. Determine d(z).
2
Let w be (172/8)/(4/(-8)). Let s = -39 - w. Let f(a) = a - 2. Give f(s).
2
Suppose 5*m - 4*q + 18 = 0, -3*q - 3 = 6. Let l(v) = v**2 + 7*v - 4. Give l(m).
-10
Let r(v) = -7*v + 2374 + v**3 - 7*v**2 - 3*v - 2369. Calculate r(8).
-11
Let z(u) = 2*u**3 + 3*u**2 - 13. Let x(a) be the third derivative of a**6/120 + a**5/60 - a**3 - 3*a**2. Let g(o) = 7*x(o) - 3*z(